- 5*c, -5*c - 135 = -5*n. What is the tens digit of n - ((-2)/(-6))/((-7)/(-63))?
1
Suppose -5*x = -113 - 482. Let a = x + -58. What is the tens digit of a?
6
Suppose -84 = -4*q + 4*z, 0 = -q - 2*z + 27 + 9. Suppose -q = -3*h + 2*h. What is the tens digit of h?
2
Suppose -1227 = -4*n - p, -n + 0*n + 2*p + 318 = 0. What is the hundreds digit of n?
3
Suppose r - 2 = 0, -14 - 6 = -4*f - 4*r. Suppose -f*o + 8 = -91. What is the tens digit of o?
3
Suppose 5*b + x - 5*x - 2761 = 0, -2*b + 2*x + 1104 = 0. What is the tens digit of b?
5
Let o(c) = -c**2 + 7*c - 5. Let s be o(6). Let d(z) = z**3 - 2*z**2 - 2*z - 3. Let l be d(3). Let a = s + l. What is the units digit of a?
1
Let b(j) = 2*j**3 + 3*j**2 + 5*j + 2. Let a be b(4). Suppose 264 = -4*u + 5*o, 4*u - u + a = 5*o. Let q = -30 - u. What is the units digit of q?
6
Let s(n) = n**2 - n - 4. Let r be (-6)/9 + (-2)/(-3). Let i be s(r). Let f = 22 - i. What is the tens digit of f?
2
Let v = 79 - 77. Suppose 2*c - 2*m = 4*c - 116, -m - 122 = -v*c. What is the units digit of c?
0
Suppose 0 = -46*f + 43*f + 669. What is the hundreds digit of f?
2
Let f(r) = 1. Let c(i) = -2*i - 11. Let v(m) = c(m) + 6*f(m). Let g = 1188 + -1197. What is the units digit of v(g)?
3
What is the tens digit of (11/(-3) - -1)*(3 - 819)?
7
Let n = 2876 + -1261. What is the tens digit of n?
1
Suppose -2*b = -4 - 0. Suppose 0 = b*m - 26 - 16. What is the units digit of m?
1
Suppose 2768 = 7*q - 1922. What is the hundreds digit of q?
6
Suppose 16 + 8 = 4*d. Suppose -110 = d*u - u. Let y = u + 23. What is the units digit of y?
1
Suppose -2*k + 1752 = 4*n - 6*k, -4*n + 1743 = -k. What is the units digit of n?
5
Let i = -2 - -537. What is the tens digit of i?
3
Let y(j) = -24*j + 13. What is the tens digit of y(-5)?
3
Let i(n) = 100*n + 249. What is the thousands digit of i(19)?
2
Let s(m) be the second derivative of -2*m**3 - 42*m. Let i be (-14)/18 - (-4)/(-18). What is the units digit of s(i)?
2
Suppose -2*d = -2*b + 102, -4 = -2*d - 2*b - 110. Let i = d - -142. What is the tens digit of i?
9
Let o = 1866 - 1333. What is the tens digit of o?
3
Let g(m) = 203*m - 6. Let y be g(2). Suppose 24*n + y = 26*n. Suppose c - 25 = -3*v + 35, 4*c + 4*v - n = 0. What is the units digit of c?
5
Let d(y) = 2*y**3 + 5*y**2 - 5*y + 7. Let m be d(-5). Let z = m + 143. What is the tens digit of z?
5
Suppose 6*u = -0*u - 42. Let k(p) = -2*p**2 - 4*p + 7. Let m be k(u). Let x = -6 - m. What is the tens digit of x?
5
Let c = 346 - 931. What is the tens digit of (4/(-2))/(9/c)?
3
Suppose -302290 = -42*m - 32*m. What is the units digit of m?
5
Let h(l) = -l**2 - 8*l + 23. Let d(t) = t**2 + 8*t - 22. Let y(s) = 4*d(s) + 5*h(s). What is the tens digit of y(-7)?
3
Suppose -192 = -2*t + 4*z, 4*t - 5*z = t + 293. Let v = t - -58. What is the units digit of v?
4
Let w(d) be the first derivative of -5*d**4/2 - 4*d**3/3 - d**2 + 5. What is the tens digit of w(-2)?
6
Let t be 1*-1 - (11 - -2). Let a = t - -26. What is the tens digit of 488/a*6/4?
6
Let y(w) be the third derivative of 17*w**4/12 + 2*w**3 + 38*w**2. What is the units digit of y(2)?
0
Let w(s) = -s**2 + 6*s + 3. Let x = 15 + -10. Let j be w(x). Suppose 4*i - 26 = 3*o, -4*i = 4*o - 4 - j. What is the units digit of i?
5
Let d(z) = 7*z**3 + z**2 + 2*z - 4. What is the units digit of d(4)?
8
Suppose -22*u + 5351 = -13085. What is the units digit of u?
8
Let f(q) be the third derivative of -q**6/12 + q**5/20 + q**4/24 - 2*q**3/3 + q**2 + 11*q. What is the tens digit of f(-3)?
9
Suppose k - 1 - 1 = 0. Suppose 125 - 19 = k*m. Let j = m - 26. What is the units digit of j?
7
Let d(s) = -2*s - 11. Let a be d(-6). What is the tens digit of (4 - 3) + 103 + a?
0
What is the thousands digit of ((-8)/36 - 24199/9)/(-1)?
2
Suppose 1674 = 22*y - 13*y. What is the tens digit of y?
8
Let p(r) = -2*r**3 - 4*r**2 + 5*r - 3. Suppose -2*x - 4 = 2*n, -5*x + 0*n - 18 = n. Let s be p(x). Suppose 0 = 4*m + s - 129. What is the units digit of m?
2
Let q be (-5)/(5*(-5)/10). Let f be q/(-4) + 95/38. Suppose 2*y + f*y - 24 = 0. What is the units digit of y?
6
Suppose 5*y - 2406 - 274 = -5*g, g + 3*y = 530. What is the tens digit of g?
3
Let r be (1 - 0) + (-9 - 0) - 1. What is the tens digit of 3/r*(-261)/3?
2
Suppose -7*b - 142 = -5*b. Let q = b - -156. What is the units digit of q?
5
Suppose -5*d - 3*c = -4044, 0 = 13*d - 10*d - 3*c - 2412. What is the units digit of d?
7
Let x(v) = -v**3 + 11*v**2 + 12*v - 11. Let d be x(12). Suppose 25*s - 32*s = -84. Let t = s + d. What is the units digit of t?
1
Let b(n) = n**3 + 14*n**2. Let l be b(-14). Suppose l*m = 3*m - 21. Let u(f) = f**3 - 7*f**2 + 4*f + 12. What is the tens digit of u(m)?
4
Let x(w) = w**2 + 6*w - 5. Let n be x(-7). Let f = 3 - n. Suppose -4*j = 5*h - 193, -3*h = -f - 2. What is the units digit of j?
7
Suppose -5*z - 5*n = -2130, 2*n = 5*z - 3*n - 2080. What is the units digit of z?
1
Let n be 6 - 2 - (-116)/1. What is the units digit of 4470/n + (-1)/4?
7
Let z = -57 + 61. Suppose g + t = -2*g + 330, 0 = -z*g + 5*t + 440. What is the units digit of g?
0
Let v(r) = -209*r - 8. What is the tens digit of v(-4)?
2
Suppose 4*v = 4*g - 112, 0 = -2*g - 3*g + 2*v + 125. Let a = g + -37. What is the units digit of (-987)/a*(-4)/(-6)?
7
Let n(i) = 16*i + 3. Let h = 20 + -18. Let l be n(h). What is the tens digit of l/2 - (-2)/4?
1
Let l = -13 - -92. Suppose 5*d = -4*n + l, 4*d - 3*n - 72 = -4*n. What is the tens digit of d?
1
Let y be (-24)/(-20)*320/(-12). Let p be (-26)/(-39) - y/(-3). Let k(o) = -2*o - 5. What is the units digit of k(p)?
5
Let o = 113 - -12. Suppose 2*p = -n + 50, -o + 16 = -2*n + 5*p. What is the tens digit of n?
5
Let k(l) = 114*l**2 - 54*l + 275. What is the units digit of k(5)?
5
Suppose 9*p - 9722 = -2657. Suppose -2*l - z = -509, -5*l + p = -4*z - 481. What is the tens digit of l?
5
Suppose -4*c = l - 2*l - 1370, -c + 350 = -4*l. Let p = 520 - c. What is the units digit of p?
8
Suppose 2*l = a - 128, 2*a - 3*l = 253 + 2. Suppose 5*w + a = b + 468, w = 2*b + 72. What is the tens digit of w?
6
Let l(i) = 48*i**2 - i + 19. What is the tens digit of l(4)?
8
Let w be 118*4/((-24)/3). Let g = -11 - w. Suppose -12 = -2*v + 4*l, -4*v - 6*l = -2*l - g. What is the tens digit of v?
1
Let x be 1 + (-4)/4*-3. Suppose -x*k = -c + 29 + 27, 0 = 4*k - 16. What is the tens digit of c?
7
Suppose 2418 = 906*z - 900*z. What is the tens digit of z?
0
Suppose -5*u + 25 = -5*m, 4*u - 12*m + 7*m = 16. What is the units digit of u?
9
Let h = -48 - -61. Suppose h*r + 0*r - 910 = 0. What is the units digit of r?
0
Let h(p) be the second derivative of 5/6*p**3 - 7/2*p**2 + 2/3*p**4 - 1/20*p**5 + 0 + 5*p. What is the units digit of h(8)?
3
Suppose 3*l - 11014 = -4*o, -6*l + 4*l - o = -7351. What is the hundreds digit of l?
6
What is the tens digit of 168/147 + 11650/35?
3
Let q = -9 - -5. Let t be (-48)/(-8)*2/q. What is the units digit of 2*(-48)/(9/t)?
2
Let v be -5 - ((-2 - 0) + 4). Let d be 47/(-4) + v/28. What is the units digit of (2*-1)/(d/66)?
1
Let i = 37 + 2. Suppose -i = -3*s + 429. What is the units digit of s?
6
Let b(s) = -s**3 - 33*s**2 - 45*s - 131. What is the thousands digit of b(-33)?
1
Suppose -5*j = -2*j + 60. Let n = j + 23. Suppose -n*y = -y - 74. What is the tens digit of y?
3
Let o be (-208)/(-15) - 4/(-30). Let v = -9 + o. Suppose -x - j + 13 = 2*j, v*j - 7 = -x. What is the tens digit of x?
2
Let h = 373 + -114. Let i = h - 163. What is the tens digit of i?
9
Let l(s) = -s + 6. Let n = 42 + -21. Let q = n - 27. What is the units digit of l(q)?
2
Suppose -25*j = -17*j - 3712. What is the tens digit of j?
6
Let f(c) = -4*c + 389. What is the hundreds digit of f(0)?
3
Let q(i) = -18*i + 8. Suppose -3*w - 28 = -j - 4*j, w + 26 = 5*j. Let r be q(j). Let s = -41 - r. What is the units digit of s?
1
Suppose i - 6 = 2. Let z(d) = 5*d - 12*d**2 + 4 + i*d**2 + 5*d**2. What is the units digit of z(-5)?
4
Let g = -81 + 353. Let t = g + -137. What is the hundreds digit of t?
1
Let m be (7/14 - (-6)/(-4)) + 24. Let l = 50 - m. What is the units digit of l?
7
Suppose 48 = -5*d - t, 6*t + 44 = -5*d + 3*t. Let h be (d/15)/((-2)/6). What is the tens digit of (39/9)/(h/6)?
1
Suppose 2*u = -3*t - 396, 3*u - 6 = u. What is the tens digit of -2 + (18/(-12))/(3/t)?
